)/(-21)*91. Let p(o) be the third derivative of d*o + 1/12*o**4 + 7*o**2 - o**3 + 0. What is p(4)?
2
Suppose -113*c + 120*c = 21. Let v(r) = -42*r + 121. Let g be v(c). Let u(y) = -y - 8. Give u(g).
-3
Let r(k) be the second derivative of -2*k**2 - 1/3*k**3 + 7*k + 2 - 1/12*k**4. Calculate r(0).
-4
Let h = -431 + 430. Let u(y) = 5 + 3*y**3 - 4 + 145*y - 144*y. Determine u(h).
-3
Let i(s) = 4*s - 3. Let u(h) = -h + 3. Let x(m) = -i(m) - 3*u(m). Give x(15).
-21
Let d(g) = 13 + 3*g**2 - 26*g + 37*g - 11 - 14 + 2*g**2. Give d(1).
4
Let v(f) = 9*f**3 - 140*f**2 - 3*f + 48. Let w(n) = -75*n**3 + 1121*n**2 + 25*n - 383. Let b(s) = -17*v(s) - 2*w(s). What is b(46)?
-4
Let k(u) = -u**3 - 11*u**2 + 27*u + 23. Let d be k(-13). Suppose -6 + 36 = -d*i. Let q(r) = -r**2 + 3*r + 3. Give q(i).
-15
Let v(d) = d**3 + 11*d**2 + 15. Suppose -14*a - 297 = 17*a - 4*a. Calculate v(a).
15
Let g = -414 + 418. Let n(o) = -o**3 + 6*o**2 - 9*o + 2. Give n(g).
-2
Let m(f) = -5*f + 32. Let p(y) = 2*y**3 - 7*y**2 + 8*y + 6. Let j be p(2). Calculate m(j).
-18
Let p be 2/(-3)*(-191 - (-5 - -9)). Let a = -128 + p. Let h(g) = 3*g. What is h(a)?
6
Let t(k) = 13*k + 5. Let m(s) = -42*s - 15. Let a(r) = 4*m(r) + 13*t(r). Let x be 1320/(-154) + 6/(-14). Give a(x).
-4
Let h(c) = c + 3. Let o(v) = -128*v**3 + 3*v**2 + 4*v + 1. Let n be o(-1). Let j = -132 + n. Give h(j).
-1
Let s(l) be the first derivative of -3*l - 5 + 1/2*l**2. Calculate s(4).
1
Let q(y) = y - 3. Let k = 64 - 56. Suppose 0 = -2*u, 7*j - 5*u - k = 3*j. Suppose 0 = -0*m - 3*m - j*v + 19, 4*m - 4*v = 12. What is q(m)?
2
Let n(l) = 436*l - 881*l + 443*l + 1. What is n(4)?
-7
Let o be 72/(-7)*(-56)/16. Let q(d) = 56*d - o*d + 6*d**2 - 20*d. Calculate q(1).
6
Let i = -9755 + 9781. Let j(n) = -10*n + 274. What is j(i)?
14
Let p be (-70)/14 - (-7 - 0/3). Let n(o) = 3*o**2 - 2*o**p + 6*o + 0*o - o - 4. Determine n(-3).
-10
Let f(v) = -8*v**2 + 4*v - 9. Let m(o) = 19*o**2 - 9*o + 24. Let l(t) = 7*f(t) + 3*m(t). What is l(0)?
9
Let n = 48 + 24. Let s(y) = -6*y**2 - n + y**3 - 5*y + 81 + 2*y. What is s(6)?
-9
Let z be -1 - 3 - (-1)/1. Let s(w) be the first derivative of 1/3*w**3 + 6 + 0*w**2 - 2*w. Give s(z).
7
Suppose 20 = 3*o + o. Suppose o*y - 4 = 3*y. Let w(q) = 2 + 8*q**y - 5*q**2 - 2*q**2. Give w(-2).
6
Let z(g) = g + 1. Let c be z(1). Suppose -c + 10 = 4*x. Let q(b) be the first derivative of b**3/3 + b**2 - 85. Give q(x).
8
Suppose -3*a = -37 + 19. Let j(s) be the second derivative of -7*s + s**2 - 1/6*s**3 + 0. Determine j(a).
-4
Suppose 0*k - 2*k - 4*t + 6 = 0, 5*k - 9 = -4*t. Let d(q) = -165 - 170 - 2*q - 161 + 494 - 4*q. Calculate d(k).
-8
Suppose 4*q - 62 + 136 = -d, -3*q - 336 = 5*d. Let r(k) = -33*k - 1. Let p be r(-2). Let o = p + d. Let x(c) = -6*c**2 + 2*c + 1. Determine x(o).
-7
Let x(q) = 2*q**3 - 15*q**2 + 8*q - 2. Let r be x(7). Let t(c) = -4*c + 1 - 6*c**2 - c - c + r*c. Give t(1).
-6
Let y(r) = 2*r**2 + 2*r - 2. Let u be ((-3)/(54/6))/((-1)/15). Let l be (-1 + u/(-2))/((-2)/4). Suppose 2*d + l*j - 6 = 3*j, 0 = 5*d + j + 12. Give y(d).
10
Let m(o) = o + 5. Suppose -2*h = -3*q - 165, 7*h + 4*q = 2*h + 401. Let k = h + -74. Suppose k*j + 0 + 0 = 0. Calculate m(j).
5
Let y(a) = -1 + 58*a**3 - 12*a**3 - 29*a**3 - 15*a**3 - 2*a. Calculate y(-1).
-1
Let g(c) = -8*c - 11*c + 38 - 13*c + 81*c - 26*c - 2*c**2. What is g(13)?
-1
Suppose 24 = v + 7*v. Suppose x + v*k - 13 = 0, 2*x + 0*x - 22 = -2*k. Let t(f) = 2*f - 11*f**2 + 2*f**3 + 2*f**3 + x*f**2 + f**3 - 1. Determine t(1).
5
Let a(p) = 6*p + 26. Let q(x) = 425*x - 1299. Let c be q(3). What is a(c)?
-118
Let r(h) be the third derivative of -h**6/40 + 2*h**5/15 + 5*h**4/24 - h**3/3 - 882*h**2 - 3. What is r(-1)?
4
Let u(n) = -n**2 + 7*n - 4. Let h be -30*(1 + (-2)/(7 + -3)). Let o be -2 - ((1 - -1) + (-255)/h). Let p = 26 + o. Calculate u(p).
6
Let t(l) = -3358*l + 4*l**2 + 1698*l + 1740*l + 7. Give t(-20).
7
Let t(l) = -2*l + 32. Let z(r) = r - 15. Let y(f) = 2*t(f) + 5*z(f). Suppose 4*a + 2 - 9 = -i, 30 = 3*i + 3*a. Give y(i).
0
Let l(k) be the third derivative of -k**4/24 + 22*k**3/3 - 387*k**2. What is l(24)?
20
Suppose -52 + 92 = -10*m. Let u(s) = 6*s + 2. Calculate u(m).
-22
Let p(l) be the second derivative of l**4/12 + 4*l**3/3 - 4*l**2 - 1593*l. Give p(-9).
1
Let z = -4532 - -4528. Let q(u) be the second derivative of 5/2*u**2 - 3*u - 1/4*u**4 - 1/20*u**5 + 0 + u**3. Calculate q(z).
-3
Let f(r) = 5*r + 6. Let d(v) be the third derivative of v**4/6 + 7*v**3/6 + 7*v**2 - 7. Let p(n) = 4*d(n) - 3*f(n). Let j = -13 - -5. Determine p(j).
2
Suppose -2*m = 3*c + 47, m + 7 = 3*c - 3. Let u = m - -18. Let n be 0/u + (2 - 6). Let f(o) = o. Calculate f(n).
-4
Let i(u) = 6*u + 3. Let z(f) = f**3 - 7*f**2 - 5*f + 38. Let m be z(7). Suppose -6*b + 3*b = -q - 19, 5*q + 35 = m*b. Calculate i(q).
-21
Let p be 2 + (-1)/1*0. Let r(n) = -5 + 8*n**3 + 8 + 7*n - 7*n**p - 7*n**3. Give r(6).
9
Let d(w) = -w**2 - 2*w + 6. Let j be d(-5). Let c be j + 6 + -5 + 2. Let m(h) be the second derivative of -h**3/3 - 5*h**2/2 + h. Calculate m(c).
7
Let o(q) = q - 4 + 107*q**2 - 4 - 118*q**2 + 8. What is o(1)?
-10
Let o(w) = w**3 + 8*w**2 - 14*w - 40. Suppose 368*b - 1285 = -4597. Give o(b).
5
Let y = 365 - 397. Let r = y + 26. Let p(u) be the third derivative of -u**5/60 - 5*u**4/24 - u**3/3 + u**2. What is p(r)?
-8
Let g(r) = -569*r - 6280. Let h be g(-11). Let j(s) = s**2 + 18*s + 26. Give j(h).
89
Let t(x) = x**2 - 60*x + 278. Let c be t(55). Let s(r) = -63*r - 82*r + c + 146*r - 4. Let b = 5 + 0. Give s(b).
4
Let w(m) = -3*m - 2. Let y(o) = -2*o**3 + 12*o**2 - 10*o + 6. Let g be y(5). Let v be g + -4 - 3/((-3)/(-4)). Determine w(v).
4
Let s(b) = 2*b**2 + 5*b - 17. Let g(h) be the third derivative of -h**5/60 - h**4/12 + 4*h**3/3 + 45*h**2. Let m(n) = -5*g(n) - 2*s(n). Calculate m(-5).
19
Let i(p) = 11*p**3 - 1. Let r(f) = -16*f**3 + 6 - 7 + 26*f**3. Let q(j) = 4*i(j) - 3*r(j). Suppose 4*u - 3*u - 1 = 0. Give q(u).
13
Let j be 5 + -8 - (2 + 5). Let h be (6/30 + 4/10)*j. Let p(c) = -2*c - 16. Give p(h).
-4
Let l = -26 + 30. Suppose g - 23 = 2*y + 2*y, -3*y = -l*g + 27. Let s(q) = q**2 + 2*q - 6. Calculate s(y).
9
Let b(v) = -9*v**2 + 100*v + 7. Let n(r) = -62*r**2 + 698*r + 48. Let d(a) = 22*b(a) - 3*n(a). What is d(9)?
-8
Let v(m) = 5*m**2 + 3*m + 11. Let d(g) be the third derivative of -g**5/20 - g**4/12 - 5*g**3/6 - 13*g**2 - 1. Let j(i) = 7*d(i) + 4*v(i). Give j(0).
9
Let f(b) = -b**2 + 23*b - 46. Let l(g) = g**2 - 71*g + 469. Let o be l(7). Give f(o).
-4
Let h(b) = -b**3 - 25*b**2 + 29*b + 88. Let c = -6249 + 6223. Calculate h(c).
10
Let o(v) be the second derivative of v**3 - 7*v**2 + 7072*v. Give o(3).
4
Let m = 10 + -16. Let u(k) = 1398363*k - k**2 + 1398354*k - 2796724*k - 13. What is u(m)?
-7
Let k(b) = 2*b**2 - b - 1. Let z(g) = -2*g**2 + 17*g - 16. Let r be z(7). Suppose -266 = r*s + 99. Let w = 72 + s. What is k(w)?
2
Let h(p) = -13*p**2 - p + 1. Suppose 0 = -3*g - v + 5, -g = -156*v + 158*v - 5. Calculate h(g).
-13
Let u(p) = 12*p**2 - p + 1. Suppose -m - 6*l = -4*l + 6, -5*l = -3*m + 26. Let t be (7/14)/(1/m). Calculate u(t).
12
Let g(u) = -u + 2. Let v be g(-6). Let y = -405 - -409. Let o(m) = 2 + 1 - 10*m - 9 - 5 + y*m + m**2. Determine o(v).
5
Let i(x) = -19*x + 105. Let j(o) = 27*o - 159. Let t(m) = -7*i(m) - 5*j(m). Calculate t(32).
-4
Let m(t) = -t**3 + 4*t**2 + t - 3. Suppose -21*v + 10 = 2*w - 17*v, 0 = 3*w + v - 10. What is m(w)?
9
Let v(f) = 2*f**3 + f**2 + f. Let r be (4 + -1)/(3/5). Suppose -r*s = 3*q + 4, 3*s + 5*q + 8 = -4. Suppose 5*y - s = -6. What is v(y)?
-2
Let s(y) be the third derivative of y**6/120 - 7*y**5/60 - y**4/4 - 11*y**3/3 + 2922*y**2. Calculate s(9).
86
Let w(j) = 2*j**2 - 1. Let m(o) = -9*o**2 + 3. Let v be 2/(-3)*(-9)/(-6). Let n(h) = v*m(h) - 4*w(h). Determine n(-2).
5
Let s(v) be the first derivative of -36 + 12*v + 9*v - v**2 - 21*v. What is s(2)?
-4
Let w be (-14)/(-6) - (10/(-15))/(-2). Let y(b) = -5 - 2*b**2 + b - b**2 + w*b**2. Suppose j + 1 = 0, -4*j - 2 = 3*m - 10. Determine y(m).
-17
Let d(l) = 3*l + 11. Suppose 0 = 13*k - 46 - 71. Let f(j) = -j - 5. Let u(h) = k*f(h) + 4*d(h). Calculate u(9).
26
Let w(j) be the first derivative of j**2 - 2*j + 2882. What is w(2)?
2
Let v be (((-6)/5)/(-3))/((-2)/(-40)). Let p(c) = -5*c + 